10.
2, 3, 5, 111869
What are the prime factors of 2779500?
2, 3, 5, 17, 109
List the prime factors of 2887740.
2, 3, 5, 61, 263
What are the prime factors of 412475?
5, 7, 2357
What are the prime factors of 7513892?
2, 19, 98867
List the prime factors of 293554.
2, 146777
What are the prime factors of 218057?
7, 31151
List the prime factors of 453468.
2, 3, 23, 31, 53
List the prime factors of 1897514.
2, 97, 9781
What are the prime factors of 10209994?
2, 163, 31319
What are the prime factors of 180942?
2, 3, 53, 569
What are the prime factors of 257471?
73, 3527
What are the prime factors of 1999208?
2, 269, 929
List the prime factors of 2499964.
2, 31, 20161
What are the prime factors of 146808?
2, 3, 2039
List the prime factors of 4520999.
7, 645857
List the prime factors of 235838.
2, 37, 3187
List the prime factors of 4085144.
2, 7, 72949
What are the prime factors of 347750?
2, 5, 13, 107
List the prime factors of 123693.
3, 41231
What are the prime factors of 234176?
2, 3659
List the prime factors of 641326.
2, 7, 19, 2411
What are the prime factors of 6348077?
1831, 3467
What are the prime factors of 615633?
3, 205211
What are the prime factors of 3961002?
2, 3, 660167
What are the prime factors of 561203?
19, 29537
List the prime factors of 6292621.
6292621
What are the prime factors of 908480?
2, 5, 17, 167
List the prime factors of 2869301.
2869301
List the prime factors of 744167.
59, 12613
List the prime factors of 1074250.
2, 5, 4297
List the prime factors of 43267375.
5, 346139
List the prime factors of 18503.
18503
What are the prime factors of 3209935?
5, 37, 17351
What are the prime factors of 4342986?
2, 3, 37, 6521
List the prime factors of 27447641.
13, 2111357
List the prime factors of 119871.
3, 19, 701
What are the prime factors of 490975?
5, 41, 479
List the prime factors of 22997316.
2, 3, 1916443
List the prime factors of 51379.
191, 269
What are the prime factors of 305656?
2, 13, 2939
List the prime factors of 219068.
2, 54767
What are the prime factors of 20328159?
3, 23, 29, 10159
List the prime factors of 22225.
5, 7, 127
What are the prime factors of 3212307?
3, 7, 50989
What are the prime factors of 1306082?
2, 43, 15187
List the prime factors of 257373.
3, 28597
List the prime factors of 7321508.
2, 991, 1847
What are the prime factors of 409170?
2, 3, 5, 23, 593
What are the prime factors of 8925100?
2, 5, 149, 599
List the prime factors of 58357.
13, 67
List the prime factors of 115241.
7, 101, 163
List the prime factors of 100928.
2, 19, 83
What are the prime factors of 1955868?
2, 3, 162989
List the prime factors of 794619.
3, 7, 12613
What are the prime factors of 142256?
2, 17, 523
List the prime factors of 13961894.
2, 41, 170267
What are the prime factors of 732566?
2, 53, 6911
What are the prime factors of 5504292?
2, 3, 152897
What are the prime factors of 43686?
2, 3, 809
List the prime factors of 305404.
2, 11, 631
List the prime factors of 2606466.
2, 3, 434411
What are the prime factors of 32617215?
3, 5, 307, 787
List the prime factors of 143812.
2, 157, 229
What are the prime factors of 658894?
2, 241, 1367
What are the prime factors of 12233847?
3, 4077949
What are the prime factors of 12130451?
367, 33053
What are the prime factors of 222451?
47, 4733
List the prime factors of 1581628.
2, 395407
What are the prime factors of 159888?
2, 3, 3331
What are the prime factors of 5163874?
2, 73, 113, 313
What are the prime factors of 52804?
2, 43, 307
What are the prime factors of 258400?
2, 5, 17, 19
List the prime factors of 340761.
3, 97, 1171
List the prime factors of 3484059.
3, 31, 37463
What are the prime factors of 191125?
5, 11, 139
List the prime factors of 31677124.
2, 7919281
List the prime factors of 30502.
2, 101, 151
List the prime factors of 6161820.
2, 3, 5, 7, 17, 863
List the prime factors of 837287.
11, 103, 739
List the prime factors of 299025.
3, 5, 443
What are the prime factors of 920053?
920053
List the prime factors of 2132999.
11, 211, 919
List the prime factors of 1040026.
2, 13, 17, 181
List the prime factors of 183572.
2, 45893
What are the prime factors of 43568?
2, 7, 389
List the prime factors of 835540.
2, 5, 41777
List the prime factors of 1019745.
3, 5, 17, 31, 43
List the prime factors of 4060726.
2, 2030363
List the prime factors of 1054275.
3, 5, 14057
What are the prime factors of 59929?
59929
What are the prime factors of 17598001?
17598001
List the prime factors of 1578862.
2, 19, 41549
What are the prime factors of 3748281?
3, 1249427
What are the prime factors of 8215471?
11, 17, 43933
What are the prime factors of 3640533?
3, 13, 17, 19
What are the prime factors of 39463219?
39463219
List the prime factors of 2202926.
2, 11, 9103
List the prime factors of 2466170.
2, 5, 7, 719
List the prime factors of 7977635.
5, 1595527
List the prime factors of 1838088.
2, 3, 7, 521
What are the prime factors of 279804?
2, 3, 7, 3331
What are the prime factors of 2450636?
2, 71, 8629
What are the prime factors of 436539?
3, 145513
List the prime factors of 408988.
2, 59, 1733
What are the prime factors of 4537006?
2, 2268503
List the prime factors of 19538228.
2, 29, 168433
List the prime factors of 1444003.
11, 251, 523
What are the prime factors of 89113?
89113
List the prime factors of 261823.
261823
What are the prime factors of 28629124?
2, 19, 376699
List the prime factors of 2993787.
3, 110881
List the prime factors of 489530.
2, 5, 48953
What are the prime factors of 237034?
2, 7, 16931
What are the prime factors of 695516?
2, 31, 71, 79
What are the prime factors of 9531072?
2, 3, 16547
What are the prime factors of 838634?
2, 419317
List the prime factors of 19203107.
7, 11, 113, 2207
List the prime factors of 342670.
2, 5, 34267
What are the prime factors of 814401?
3, 7, 31, 139
What are the prime factors of 514178?
2, 7, 19, 1933
List the prime factors of 11674761.
3, 7, 555941
What are the prime factors of 44713?
61, 733
List the prime factors of 4486679.
19, 23, 10267
What are the prime factors of 928057?
13, 71389
What are the prime factors of 894215?
5, 7, 29, 881
What are the prime factors of 25912235?
5, 5182447
What are the prime factors of 1088179?
61, 17839
List the prime factors of 1396340.
2, 5, 11, 577
What are the prime factors of 2330830?
2, 5, 233083
What are the prime factors of 1322118?
2, 3, 7, 1499
What are the prime factors of 7333471?
167, 43913
List the prime factors of 2508469.
17, 147557
List the prime factors of 22373523.
3, 828649
List the prime factors of 2338069.
61, 38329
What are the prime factors of 33988653?
3, 139871
List the prime factors of 30807732.
2, 3, 2567311
What are the prime factors of 11307930?
2, 3, 5, 376931
List the prime factors of 297128.
2, 13, 2857
What are the prime factors of 29037121?
29037121
What are the prime factors of 11654414?
2, 41, 311, 457
List the prime factors of 38393789.
7, 1721, 3187
List the prime factors of 261170.
2, 5, 7, 13, 41
List the prime factors of 5608525.
5, 13, 17257
List the prime factors of 5219285.
5, 1043857
What are the prime factors of 73681?
73681
List the prime factors of 993722.
2, 113, 4397
What are the prime factors of 309390?
2, 3, 5, 10313
What are the prime factors of 7200771?
3, 23, 79, 1321
What are the prime factors of 578354?
2, 7, 109, 379
What are the prime factors of 11728?
2, 733
List the prime factors of 134746.
2, 89, 757
What are the prime factors of 8613767?
311, 27697
List the prime factors of 142498.
2, 71249
List the prime factors of 6324846.
2, 3, 11, 61, 1571
What are the prime factors of 3381521?
11, 13, 17, 107
What are the prime factors of 7081111?
43, 164677
What are the prime factors of 203559?
3, 67853
List the prime factors of 132378.
2, 3, 22063
What are the prime factors of 6035536?
2, 13, 29017
List the prime factors of 2816459.
2816459
List the prime factors of 1587618.
2, 3, 193, 457
What are the prime factors of 635519?
635519
What are the prime factors of 5704519?
1117, 5107
List the prime factors of 3563568.
2, 3, 73, 113
What are the prime factors of 585809?
7, 53, 1579
What are the prime factors of 833935?
5, 17, 9811
What are the prime factors of 966678?
2, 3, 367, 439
What are the prime factors of 7613242?
2, 7, 13, 59,